s the remainder when d is divided by 105?
103
Let r be (1 - 2)/((-9)/(-1395)). Let g = -131 - r. Calculate the remainder when 37 is divided by g.
13
Suppose 0 = 7*v - 2*v - 125. Let o = v + -65. Calculate the remainder when 41 is divided by 1 - (0 - o/(-4)).
8
Suppose -258 = -6*o + 5*p + 54, o - 33 = 4*p. Calculate the remainder when 1481 is divided by o.
56
Calculate the remainder when 231 is divided by (7 - (-168)/(-20))*5 + 121.
3
Suppose -5*z + 91 = 4*r, 2*z = 2*r + 4*z - 46. Suppose 0*y + 133 = 2*w + y, 4*w = -4*y + 276. Calculate the remainder when w is divided by r.
16
Suppose 2393 = 4*m - 3*g, 7*g = 8*g - 5. What is the remainder when m is divided by 169?
95
Let d(j) = -j**3 + 13*j**2 - 24*j + 27. Let p be d(11). Suppose p*w + 16 - 1246 = 0. What is the remainder when w is divided by 14?
8
Suppose -167*k + 172*k - 20 = 0. Let j(p) = 4*p**2 - 14*p + 3. Calculate the remainder when 139 is divided by j(k).
7
Calculate the remainder when (2043*(-6)/(-20) - (-75)/125)*2 is divided by 13.
5
Let c = 5260 + -3888. Calculate the remainder when c is divided by 6.
4
Suppose -3*z - 246 = 5*a - 771, -5*z = 0. Let x(g) = -2*g - 9. Let s(l) = l - 42. Let w be s(24). Calculate the remainder when a is divided by x(w).
24
What is the remainder when 42 is divided by (-15 - (-272)/17) + (0 - -5)?
0
Suppose -56*m + 55*m - 4 = 0. Let t be ((-1210)/(-260) + m/26)*2. Let w(z) = -z**2 + 12*z - 11. What is the remainder when 28 is divided by w(t)?
12
Let f(g) = -g**2 + 8*g. Let r be f(8). Suppose -3*w + 5*p = -10 - 3, -2*p = -8. Calculate the remainder when w is divided by 4 - (r + (1 - 2)).
1
Let j = 11044 - 10623. Calculate the remainder when j is divided by 146.
129
Suppose -n + 58 = f + 54, 5*f - 35 = -2*n. What is the remainder when f is divided by (-2)/7 + (-176)/(-28)?
3
Let j be 18/((-195)/70 - -3). Suppose 77*g - j*g = -567. What is the remainder when 970 is divided by g?
79
Let k(r) = 70*r**2 + 41*r + 258. Calculate the remainder when k(-8) is divided by 34.
24
Let l = 153 - 83. Let w(q) = 0 - 2*q - q**3 - 2*q**2 + 2 + 11*q + 5. What is the remainder when l is divided by w(-5)?
33
Let a(l) = -108*l - 1009 + 4*l + 1024. Let q = 23 + 7. Calculate the remainder when a(-1) is divided by q.
29
Let o be 3/(-1) + 6 + -3 - -13. Let u = -10 + o. Suppose -12 = -7*p + u*p. Calculate the remainder when p is divided by 2.
1
Suppose -3*x = r - 60, 3 + 0 = x. What is the remainder when 146 is divided by r?
44
Suppose -k = 14 - 4. Let n be ((-315)/k)/(-7)*6. Let z = -12 - n. Calculate the remainder when 42 is divided by z.
12
Let d = -8021 - -2951. What is the remainder when 6/10 - d/50 is divided by 28?
18
Suppose 0 = 234*s - 229*s + 3*h - 8718, 6976 = 4*s + 4*h. Calculate the remainder when s is divided by 845.
53
Let d be 1/(3 - (-14)/(-4)). Let c be (-78)/4*1*(-4 - d). Let u = 55 - c. What is the remainder when 63 is divided by u?
15
Let a = -1197 - -1204. What is the remainder when 154 is divided by a?
0
Calculate the remainder when 534 is divided by 183/(-1830) - 1331/(-10).
2
Let w = -1072 + 1148. What is the remainder when 904 is divided by w?
68
Let n(g) = g**3 - 9*g + 39. What is the remainder when 185 is divided by n(3)?
29
Suppose 9*c - 123 = 6*c. Suppose -45*d + c*d + 208 = 0. What is the remainder when 202 is divided by d?
46
Let f = 695 + -692. Calculate the remainder when 53 is divided by f.
2
Suppose -23397 = -60*z + 206583. What is the remainder when z is divided by 71?
70
Let u(s) = -7*s - 484. Let p be u(-67). Let b = -56 - -78. Calculate the remainder when b is divided by (21/(-14))/((p/80)/1).
6
Let f = -202 + 202. Suppose f = -9*t + 21 + 123. Calculate the remainder when 173 is divided by t.
13
What is the remainder when 14591 is divided by (-2)/(-5) + (-3)/(-4)*250360/825?
227
Calculate the remainder when 5364/(-27)*(-24)/16 is divided by 107.
84
Let m(w) = 75*w - 2. Calculate the remainder when m(2) is divided by (28/(-6) + 3)*(-594)/110.
4
Calculate the remainder when 456/(((-1)/6)/((-3)/(432/16))) is divided by 42.
10
Suppose -702 = -4*r + 2*y, 0 = 15*r - 16*r + 4*y + 179. Calculate the remainder when r is divided by -20*(((-312)/140 - 0) + (-40)/70).
7
Let a = -51 + 53. Suppose -a*t = -10*t + 1152. What is the remainder when t is divided by 49?
46
Suppose 13*w - 2280 = -63*w. Suppose -4*o = 4*d - 144, 5*o - 68 = -2*d + 2*o. Suppose -3*v - 2*v + d = 0. What is the remainder when w is divided by v?
6
What is the remainder when (16/((-64)/(-7980)) - -10)*2/10 is divided by 23?
10
Suppose -182*g = -124*g - 455590. Calculate the remainder when g is divided by 97.
95
Let t = -28 - -46. Suppose t = 2*l - 2*j + 2, -j = -2. Calculate the remainder when 222*((-2)/30)/(1232/(-80) - -15) is divided by l.
7
Let o = 84 - 79. Suppose 0 = 3*k - o*h - 26, -3*k - 5*h + 3 = -13. Suppose 5*w = p + k*w - 3, -19 = -p + 2*w. Calculate the remainder when p is divided by 7.
4
Let u(a) = a**3 + 16*a**2 - 15*a + 45. Let w be u(-17). What is the remainder when (-2)/2*(-65)/1 is divided by w - (9 + -5) - -15?
21
Let n = -7559 - -7772. Calculate the remainder when 437 is divided by n.
11
Suppose -1394 + 3090 = 14*w - 1720. What is the remainder when w is divided by 46?
14
Let q(g) be the third derivative of -g**4/3 - 4*g**3 + 7*g**2. Let z be q(-6). Suppose -z*o = -25*o + 4. Calculate the remainder when 39 is divided by o.
3
Let c(k) = -8 - 4 + 6 - 12*k - 19. Let f = 62 - 57. Calculate the remainder when c(-6) is divided by f.
2
Let t = -1888 + 1995. Calculate the remainder when 4064 is divided by t.
105
Suppose 0 = 11*s - 285 - 122. Suppose 6 + s = x. Let n = 26 - 11. What is the remainder when x is divided by n?
13
Let m(f) = -f**3 + 15*f**2 + 3*f - 19. Let i(p) = -3*p**2 - 7*p - 4*p - 11 + p + 2*p**2. Calculate the remainder when m(15) is divided by i(-7).
6
Suppose -29041 - 33330 = -643*a. Let s = 8 + -5. Suppose 0*z = 2*z + s*u - 25, -z - 2*u + 10 = 0. What is the remainder when a is divided by z?
17
Suppose d = -8, -d - 110 - 255 = -3*r. What is the remainder when 22488 is divided by r?
116
Calculate the remainder when (-14)/((-8)/(-10) + -1) is divided by -8 - (2 - (36 - -2)).
14
Let c(i) = 21*i**2 - 5*i + 1. Let b = 85 - 83. Calculate the remainder when c(b) is divided by 16.
11
Let y = -25 - -36. Suppose 5*c + 2054 = -n, 31*n = -4*c + 33*n - 1632. Let j = -372 - c. What is the remainder when j is divided by y?
5
Let d = -18 + 19. Let j be (3/(0 - d))/((-3)/9). Suppose -10*s + j = -s. Calculate the remainder when 4 is divided by s.
0
Let l be (-28)/(-63) - 3664/(-18). Suppose 32*t = l + 596. Calculate the remainder when t is divided by 7.
4
Let g(n) = -5*n**3 + n**2 - 1. Let c be g(-1). Suppose 8*h = 4*q + 11*h - 51, -45 = -4*q - c*h. What is the remainder when 88 is divided by q?
13
Suppose 4*u = 5*f + 723, -859 + 126 = -4*u + 3*f. Suppose -u + 52 = -3*h. Let l = 65 - h. Calculate the remainder when l is divided by 7.
6
Suppose i - x - 2*x - 11 = 0, -i = -x - 5. Calculate the remainder when 40 is divided by 4 - (1 - i)*17.
19
Let g(r) = -7*r + 42. Let d(o) = -6*o + 43. Let h(u) = 6*d(u) - 7*g(u). What is the remainder when h(6) is divided by 9?
6
Suppose -4*q = -5*s + 13, -4*q + 32 = 6*s - 2*s. Suppose 3*c + 2 = s. Suppose k - c - 9 = 0. What is the remainder when k is divided by 6?
4
Suppose -45*q + 451 - 136 = -10*q. What is the remainder when 612 is divided by q?
0
Let i(y) = -60*y**2 + 1040*y - 33. Calculate the remainder when i(15) is divided by 103.
7
Suppose 26 = q + q. Let n(v) = v**2 - 22*v + 74. Let c be n(19). Suppose -c = -6*k + 289. Calculate the remainder when k is divided by q.
12
Suppose 54*y = 46386 + 177066. Calculate the remainder when y is divided by 46.
44
Let o(c) = 3*c**2 + 4 - 2*c**2 - 5*c**2 + 6*c**2 - 6*c. Let d(f) = -6*f**3 + f**2 + 3*f + 1. Let m be d(-1). What is the remainder when 95 is divided by o(m)?
23
Let y = 268 - 265. Suppose -y*x - 4*q = -32 - 324, -4*q = -5*x + 572. Calculate the remainder when x is divided by 8.
4
Let b(u) = -103*u - 379. What is the remainder when 4981 is divided by b(-4)?
31
Suppose -50*p = -47*p - 15. Suppose -4*o + 34 = 4*v - 2, -5*v - 35 = -p*o. Suppose z = 6*z - 150. Calculate the remainder when z is divided by o.
6
Let b be (-16)/72*3 + (-251)/(-3). Suppose 2*q + c = b, -q = 2*q + 4*c - 132. 